when b(-3) is divided by y.
28
Let q = -33914 + 33960. Suppose -3*w + 278 + 268 = 0. What is the remainder when w is divided by q?
44
Suppose 0 = 30*m - 42 - 999 - 369. Calculate the remainder when 12264 is divided by m.
44
Suppose 22*c - 4*c - 1230 = 8*c. Calculate the remainder when 545 is divided by c.
53
Let c = 1887 + -993. Calculate the remainder when c is divided by 82.
74
Let h(f) = -6*f - 38. Let z be h(-9). Suppose z*l - 300 = 4*l. Let c = -21 + l. What is the remainder when 18 is divided by c?
2
Suppose 4*k = -5*m + 343 + 75, -2*m - 5*k + 174 = 0. Let l be (40/6)/(3*6/(-54)). Let q = l - -27. What is the remainder when m is divided by q?
5
Suppose -25*o + 41*o - 64 = 0. Calculate the remainder when 340 is divided by o.
0
Let l(i) = 21*i - 2. Suppose -4*w + 2*b - 476 = 130, 323 = -2*w - 3*b. Calculate the remainder when 9 + (-6 - 0) - w is divided by l(2).
37
Let o(u) = 3*u**2 + 203*u - 16. What is the remainder when 565 is divided by o(-68)?
45
Suppose 10*h - 28908 = -19*h + 11*h. Calculate the remainder when h is divided by 49.
38
Let v = -271175 - -271216. What is the remainder when v is divided by 354/14 + 2/(-7)?
16
Let g be (-4 + -12 + 3)*-9. Suppose 8*j + g + 123 = 0. Let k = j + 35. Calculate the remainder when 7 is divided by k.
2
Let v(b) = 3*b**3 - 27*b**2 - 32*b + 25. Suppose 5*g - 182 = 2*j, -j - j - 30 = -g. Calculate the remainder when g is divided by v(10).
3
Let h = 40 - 28. Let w = 36 + h. Calculate the remainder when w is divided by 11.
4
Suppose 0 = -2*x + a + 18 + 5, -3*x + a = -36. Calculate the remainder when 1906 is divided by x.
8
Suppose -3*q - s + 725 = 0, -5*q + 3*s = -2009 + 796. Let c = -231 + q. What is the remainder when 46 is divided by c?
2
Suppose 145*i - 24*i = 18513. Calculate the remainder when i is divided by 6.
3
Suppose 4*i = -2*b + 322, 4*b = -i + 2*i + 617. Suppose 27*y = 26*y + 2*c + 38, 3*y - 120 = 7*c. Calculate the remainder when b is divided by y.
25
Let p(d) be the first derivative of d**4/4 - d**3/3 + 5*d**2 - 32*d - 4. What is the remainder when 557 is divided by p(4)?
53
Suppose -60*q - 79*q + 150*q - 209 = 0. What is the remainder when (-203)/(-3) + (-2)/3 is divided by q?
10
Let y(f) = f**3 - 7*f**2 + 3*f - 10. Let l(r) = 329*r - 33. Let o be l(1). Suppose 14*t - o = -2. What is the remainder when t is divided by y(7)?
10
Let i be 174/12 - (-12)/(-8). Suppose 11 = -i*f + 37. Calculate the remainder when 45 is divided by f.
1
Let t(c) = -3*c + 51. Let r be 190*(-8)/(-96) + (-1)/(-6). Calculate the remainder when 2/4 - (-38)/4 is divided by t(r).
1
Suppose -9 = -r - 10, 5*i - 852 = 2*r. Suppose 68*w - 72*w = -3*h - 138, -5*w = -5*h - i. What is the remainder when 179 is divided by w?
35
Let d(q) = -17 - q + q**3 + 22*q**2 - 11 + 48. Calculate the remainder when d(-22) is divided by 7.
0
Let x(m) = m**3 + 2*m + 129. Suppose 29*a - 21*a = 0. Calculate the remainder when x(a) is divided by 26.
25
Let g = 13 - 3. Suppose -4*f = -6*f + 3*z + 10, g = 2*f - z. Let q(d) = -d**3 + 98*d**2 + 97*d + 202. What is the remainder when f is divided by q(99)?
1
Suppose 0 = 2*h + 18*h - 4340. Suppose 0 = -4*v + h - 165. What is the remainder when 50 is divided by v?
11
Suppose -18*d + 586 = -14*d + 3*t, -2*d + 4*t + 260 = 0. Calculate the remainder when 430 is divided by d.
4
Let u(l) = -22*l**2 + 21*l - 137. Let m be u(5). Let w = m - -601. What is the remainder when 108 is divided by w?
13
Calculate the remainder when 12/(-2) + (0 - 5)*(-2149)/35 is divided by 60.
1
Let s = 139 + -99. Let x = -33508 + 33660. Calculate the remainder when x is divided by s.
32
Calculate the remainder when 7000/600*(-87)/(-7) is divided by 25.
20
Suppose 2*v + 122 = 4*v. Let i(y) = 12159*y + 36839. Calculate the remainder when i(-3) is divided by v.
57
Suppose -3*j = -0 - 9, 2*y = -4*j + 790. What is the remainder when y is divided by 8?
5
Suppose 9*q = 3*q + 6. Let a be 2215/30 - (-1)/6*q. Suppose 3*r - 85 = a. Calculate the remainder when r is divided by 8.
5
Let h(d) = -d**2 + 13*d + 181. What is the remainder when 162 is divided by h(-8)?
6
Suppose u = 1, 12 = 2*i - 0*u - 2*u. Suppose 89 = i*k - 310. Calculate the remainder when k is divided by (-59)/(-5) - (-2)/10.
9
Let d(i) = 7*i + 28. Let o be d(-4). Suppose 0 = -n - 2*g - 3, -5*n + g - 16 - 10 = o. Let j(u) = -15*u + 18. What is the remainder when j(n) is divided by 32?
29
Let l be ((-12)/30)/((-2)/50). Suppose -4*t + 9 = -5*a - 10, 0 = -5*t - 5*a - l. Calculate the remainder when 4/(-14) + 1230/287 is divided by t.
0
Suppose -90 = -4*j + n, 9*j = 6*j - 2*n + 73. Let k = -308 - -334. Calculate the remainder when k is divided by j.
3
Let a(p) = p**3 - 13*p**2 - 10*p + 302. What is the remainder when a(14) is divided by 17?
1
Let j be 63/(-6)*(-368)/12. Suppose y - 39 = -j. Let p = y - -402. What is the remainder when p is divided by 24?
23
Let t(b) = -50*b - 16. Let g = 423 - 389. What is the remainder when t(-3) is divided by g?
32
Let x(v) = -2*v**3 - 4*v**2 + 29*v + 16. Let u = -3 - -11. Calculate the remainder when x(-5) is divided by u.
5
What is the remainder when 244 is divided by (-11 + 280/25)*705/(-9)*-3?
9
Let u = 20225 + -19832. What is the remainder when 536 is divided by u?
143
Let s(g) = 4*g**3 - 23*g**2 - g + 32. Let v(b) = b**3 - b**2 + b + 2. Let r(k) = s(k) - 5*v(k). What is the remainder when r(-18) is divided by 6?
4
Let l = 5996 + -5858. Calculate the remainder when 566 is divided by l.
14
Let c = 1626 - 1597. Let u be 1*-1 + (-1 - -4). Suppose -s = -13 - u. Calculate the remainder when c is divided by s.
14
What is the remainder when (2 - 0)*220968/1296 is divided by 104?
29
Suppose 2*i - 139 = 43. Suppose 26*y - 2242 = 7*y. Suppose -6*l - y + 214 = 0. What is the remainder when i is divided by l?
11
Let g(r) be the first derivative of -r**4/4 - 4*r**3/3 + r**2/2 - 2*r + 93. Calculate the remainder when g(-5) is divided by 12.
6
Suppose -4*z + 203 = -5*r, 20*r - 16*r + 247 = 5*z. What is the remainder when 373 is divided by z?
44
Let m = 2205 - 1492. Calculate the remainder when m is divided by 34.
33
Suppose -11 + 31 = 4*a. Suppose -7*y - 184 = -a*y. Let s = y + 103. Calculate the remainder when 31 is divided by s.
9
Suppose -4*s + d + 3 = 4*d, 2*d = -6. Suppose l + 95 = 3*r + r, -5*r = s*l - 140. Calculate the remainder when 63 is divided by r.
13
Let f = 553 + -521. Let j(y) = 2*y + 163. What is the remainder when j(-44) is divided by f?
11
Suppose 3*w = 5*d + 17 + 15, 0 = 4*w + 4*d - 96. Suppose -2*p + 3*p - 38 = -2*m, m - w = -2*p. What is the remainder when 43 is divided by m?
5
Suppose 5*l - 3*v = 8 + 7, 0 = l - 4*v - 20. Suppose -25 = -5*g, -2*y + 4*g - 56 - 224 = l. Let z = -115 - y. Calculate the remainder when 57 is divided by z.
12
Let g = 954 + -581. What is the remainder when g is divided by 80?
53
Let m = -8024 + 8396. Calculate the remainder when m is divided by 38.
30
Suppose -5*d - 261 = -h, -1209 = -5*h - 91*d + 92*d. What is the remainder when 292 is divided by h?
51
What is the remainder when 222 - (-12)/(-4) - -3 is divided by -7 + 23 + (6 - -10)?
30
Let j = 112 - 116. Let r(w) = 2*w**2 + 7*w - 1. Let a be r(j). Suppose o - f - 47 = 6, a*f - 226 = -4*o. Calculate the remainder when o is divided by 12.
7
Let z = 21978 - 21926. What is the remainder when 862 is divided by z?
30
Suppose -3*n = -j - 8, 2*j = -3*j + 5*n - 10. Let t = j + 43. Suppose u - 49 = t. What is the remainder when u is divided by 24?
21
Suppose 25*n + 150 = 31*n. Calculate the remainder when (-1 + -1)/(178/(-13261)) is divided by n.
24
Suppose -7 = 4*z + 5, -4*z = -3*c - 69. Let f be (-9)/c + 280/6. Suppose 4*k = 2*d - 38, f = -0*d + 5*d + 2*k. What is the remainder when 75 is divided by d?
9
Let c = 953 - 906. Suppose c*r - 3070 - 36363 = 0. Calculate the remainder when r is divided by 84.
83
Let u = 1318 + -1234. What is the remainder when 299 is divided by u?
47
Let l be -250 - 11/((-66)/24). Let y = 268 + l. Calculate the remainder when (-4)/14 - 2715/(-21) is divided by y.
19
Suppose 0 = 16*c - 19*c - 5*q + 8201, 5*q = 3*c - 8161. Calculate the remainder when c is divided by 35.
32
Let t = -556 + 976. Suppose 0*z + 3*z = 3*g - 252, -5*g = 5*z - t. Let r = -34 - -77. Calculate the remainder when g is divided by r.
41
Suppose 2 = r - 1. Le